216.73.216.173 - - [16/Aug/2025:17:22:23 +0300] "GET /undefined.php?dir=%2Fhome%2Fthunderw%2Fpublic_html%2Fapp%2FModels&get_content=PaymentTransaction.php HTTP/1.1" 200 1404 "-" "Mozilla/5.0 AppleWebKit/537.36 (KHTML, like Gecko; compatible; ClaudeBot/1.0; +claudebot@anthropic.com)"
216.73.216.173 - - [16/Aug/2025:17:22:23 +0300] "GET /undefined.php?dir=%2Fhome%2Fthunderw%2Fpublic_html%2Fapp%2FModels&get_content=CartItem.php HTTP/1.1" 200 1891 "-" "Mozilla/5.0 AppleWebKit/537.36 (KHTML, like Gecko; compatible; ClaudeBot/1.0; +claudebot@anthropic.com)"
216.73.216.173 - - [16/Aug/2025:17:22:23 +0300] "GET /undefined.php?dir=%2Fhome%2Fthunderw%2Fpublic_html%2Fapp%2FModels&get_content=ProductImage.php HTTP/1.1" 200 1176 "-" "Mozilla/5.0 AppleWebKit/537.36 (KHTML, like Gecko; compatible; ClaudeBot/1.0; +claudebot@anthropic.com)"
216.73.216.173 - - [16/Aug/2025:17:22:23 +0300] "GET /undefined.php?dir=%2Fhome%2Fthunderw%2Fpublic_html%2Fvendor%2Fguzzlehttp%2Fpsr7 HTTP/1.1" 200 11058 "-" "Mozilla/5.0 AppleWebKit/537.36 (KHTML, like Gecko; compatible; ClaudeBot/1.0; +claudebot@anthropic.com)"
216.73.216.173 - - [16/Aug/2025:17:22:23 +0300] "GET /undefined.php?dir=%2Fhome%2Fthunderw%2Fpublic_html%2FnodeServer%2Fnode_modules%2Fgoogle-p12-pem HTTP/1.1" 200 12756 "-" "Mozilla/5.0 AppleWebKit/537.36 (KHTML, like Gecko; compatible; ClaudeBot/1.0; +claudebot@anthropic.com)"
216.73.216.173 - - [16/Aug/2025:17:22:23 +0300] "GET /undefined.php?dir=%2Fhome%2Fthunderw%2Fpublic_html%2Fapp%2FModels&get_content=Region.php HTTP/1.1" 200 1344 "-" "Mozilla/5.0 AppleWebKit/537.36 (KHTML, like Gecko; compatible; ClaudeBot/1.0; +claudebot@anthropic.com)"
216.73.216.173 - - [16/Aug/2025:17:22:23 +0300] "GET /undefined.php?dir=%2Fhome%2Fthunderw%2Fpublic_html%2Fdatabase%2Fmigrations&get_content=2023_11_01_140411_create_wallets_table.php HTTP/1.1" 200 1692 "-" "Mozilla/5.0 AppleWebKit/537.36 (KHTML, like Gecko; compatible; ClaudeBot/1.0; +claudebot@anthropic.com)"
216.73.216.173 - - [16/Aug/2025:17:22:23 +0300] "GET /undefined.php?dir=%2Fhome%2Fthunderw%2Fpublic_html%2Fapp%2FModels&get_content=IntroFqsCategory.php HTTP/1.1" 200 1187 "-" "Mozilla/5.0 AppleWebKit/537.36 (KHTML, like Gecko; compatible; ClaudeBot/1.0; +claudebot@anthropic.com)"
216.73.216.173 - - [16/Aug/2025:17:22:24 +0300] "GET /app/Console/Commands/NotifyForScheduledOrder.php HTTP/1.1" 500 - "-" "Mozilla/5.0 AppleWebKit/537.36 (KHTML, like Gecko; compatible; ClaudeBot/1.0; +claudebot@anthropic.com)"
216.73.216.173 - - [16/Aug/2025:17:22:24 +0300] "GET /undefined.php?dir=%2Fhome%2Fthunderw%2Fpublic_html%2FnodeServer%2Fnode_modules%2Fpstree.remy HTTP/1.1" 200 12665 "-" "Mozilla/5.0 AppleWebKit/537.36 (KHTML, like Gecko; compatible; ClaudeBot/1.0; +claudebot@anthropic.com)"
216.73.216.173 - - [16/Aug/2025:17:22:24 +0300] "GET /undefined.php?dir=%2Fhome%2Fthunderw%2Fpublic_html%2Fapp%2FModels&get_content=Device.php HTTP/1.1" 200 1105 "-" "Mozilla/5.0 AppleWebKit/537.36 (KHTML, like Gecko; compatible; ClaudeBot/1.0; +claudebot@anthropic.com)"
216.73.216.173 - - [16/Aug/2025:17:22:24 +0300] "GET /undefined.php?dir=%2Fhome%2Fthunderw%2Fpublic_html%2Fapp%2FModels&get_content=SiteSetting.php HTTP/1.1" 200 969 "-" "Mozilla/5.0 AppleWebKit/537.36 (KHTML, like Gecko; compatible; ClaudeBot/1.0; +claudebot@anthropic.com)"
216.73.216.173 - - [16/Aug/2025:17:22:24 +0300] "GET /undefined.php?dir=%2Fhome%2Fthunderw%2Fpublic_html%2Fapp%2FHttp%2FResources HTTP/1.1" 200 4326 "-" "Mozilla/5.0 AppleWebKit/537.36 (KHTML, like Gecko; compatible; ClaudeBot/1.0; +claudebot@anthropic.com)"
216.73.216.173 - - [16/Aug/2025:17:22:24 +0300] "GET /undefined.php?dir=%2Fhome%2Fthunderw%2Fpublic_html%2Fapp%2FModels&get_content=Admin.php HTTP/1.1" 200 1375 "-" "Mozilla/5.0 AppleWebKit/537.36 (KHTML, like Gecko; compatible; ClaudeBot/1.0; +claudebot@anthropic.com)"
216.73.216.173 - - [16/Aug/2025:17:22:24 +0300] "GET /undefined.php?dir=%2Fhome%2Fthunderw%2Fpublic_html%2Fapp%2FModels&get_content=BankAccount.php HTTP/1.1" 200 2235 "-" "Mozilla/5.0 AppleWebKit/537.36 (KHTML, like Gecko; compatible; ClaudeBot/1.0; +claudebot@anthropic.com)"
216.73.216.173 - - [16/Aug/2025:17:22:24 +0300] "GET /undefined.php?dir=%2Fhome%2Fthunderw%2Fpublic_html%2Fvendor%2Fcomposer&get_content=InstalledVersions.php HTTP/1.1" 200 17899 "-" "Mozilla/5.0 AppleWebKit/537.36 (KHTML, like Gecko; compatible; ClaudeBot/1.0; +claudebot@anthropic.com)"
20.171.207.144 - - [16/Aug/2025:17:22:30 +0300] "GET /vendor/symfony/console/Style/ HTTP/1.1" 200 1222 "-" "Mozilla/5.0 AppleWebKit/537.36 (KHTML, like Gecko; compatible; GPTBot/1.2; +https://openai.com/gptbot)"
20.171.207.16 - - [16/Aug/2025:17:22:36 +0300] "GET /routes/web.php HTTP/1.1" 500 - "-" "Mozilla/5.0 AppleWebKit/537.36 (KHTML, like Gecko; compatible; GPTBot/1.2; +https://openai.com/gptbot)"
216.73.216.173 - - [16/Aug/2025:17:22:59 +0300] "GET /storage/framework/laravel-excel/?C=M&O=A HTTP/1.1" 200 670 "-" "Mozilla/5.0 AppleWebKit/537.36 (KHTML, like Gecko; compatible; ClaudeBot/1.0; +claudebot@anthropic.com)"
216.73.216.173 - - [16/Aug/2025:17:22:59 +0300] "GET /storage/framework/laravel-excel/?C=S&O=A HTTP/1.1" 200 670 "-" "Mozilla/5.0 AppleWebKit/537.36 (KHTML, like Gecko; compatible; ClaudeBot/1.0; +claudebot@anthropic.com)"
216.73.216.173 - - [16/Aug/2025:17:22:59 +0300] "GET /storage/framework/laravel-excel/?C=N&O=D HTTP/1.1" 200 670 "-" "Mozilla/5.0 AppleWebKit/537.36 (KHTML, like Gecko; compatible; ClaudeBot/1.0; +claudebot@anthropic.com)"
216.73.216.173 - - [16/Aug/2025:17:22:59 +0300] "GET /undefined.php?dir=%2Fhome%2Fthunderw%2Fpublic_html%2Fpublic%2Freadme_images&get_content=table_all.jpg HTTP/1.1" 200 38801 "-" "Mozilla/5.0 AppleWebKit/537.36 (KHTML, like Gecko; compatible; ClaudeBot/1.0; +claudebot@anthropic.com)"
216.73.216.173 - - [16/Aug/2025:17:22:59 +0300] "GET /undefined.php?dir=%2Fhome%2Fthunderw%2Ftmp&get_content=sess_9987dc1c70cfebc2809e0af9cb093812 HTTP/1.1" 200 7586 "-" "Mozilla/5.0 AppleWebKit/537.36 (KHTML, like Gecko; compatible; ClaudeBot/1.0; +claudebot@anthropic.com)"
216.73.216.173 - - [16/Aug/2025:17:22:59 +0300] "GET /undefined.php?dir=%2Fhome%2Fthunderw%2Fpublic_html%2Fpublic%2Freadme_images&get_content=select_2.jpg HTTP/1.1" 200 31740 "-" "Mozilla/5.0 AppleWebKit/537.36 (KHTML, like Gecko; compatible; ClaudeBot/1.0; +claudebot@anthropic.com)"
216.73.216.173 - - [16/Aug/2025:17:22:59 +0300] "GET /undefined.php?dir=%2Fhome%2Fthunderw%2Ftmp&get_content=sess_4fed16afdcce57458295a9dace15f1d8 HTTP/1.1" 200 12034 "-" "Mozilla/5.0 AppleWebKit/537.36 (KHTML, like Gecko; compatible; ClaudeBot/1.0; +claudebot@anthropic.com)"
216.73.216.173 - - [16/Aug/2025:17:22:59 +0300] "GET /undefined.php?dir=%2Fhome%2Fthunderw%2Ftmp&get_content=sess_ab4c15944427d8cab452a89b4aa86879 HTTP/1.1" 200 8716 "-" "Mozilla/5.0 AppleWebKit/537.36 (KHTML, like Gecko; compatible; ClaudeBot/1.0; +claudebot@anthropic.com)"
216.73.216.173 - - [16/Aug/2025:17:22:59 +0300] "GET /undefined.php?dir=%2Fhome%2Fthunderw%2Fpublic_html%2Fpublic%2Freadme_images&get_content=select_1.jpg HTTP/1.1" 200 20818 "-" "Mozilla/5.0 AppleWebKit/537.36 (KHTML, like Gecko; compatible; ClaudeBot/1.0; +claudebot@anthropic.com)"
216.73.216.173 - - [16/Aug/2025:17:22:59 +0300] "GET /undefined.php?dir=%2Fhome%2Fthunderw%2Ftmp&get_content=sess_3e16c4ffb2b504cfa52c584cb7e90916 HTTP/1.1" 200 14915 "-" "Mozilla/5.0 AppleWebKit/537.36 (KHTML, like Gecko; compatible; ClaudeBot/1.0; +claudebot@anthropic.com)"
216.73.216.173 - - [16/Aug/2025:17:22:59 +0300] "GET /undefined.php?dir=%2Fhome%2Fthunderw%2Ftmp&get_content=sess_895482642349a68fd5462808b391df16 HTTP/1.1" 200 11845 "-" "Mozilla/5.0 AppleWebKit/537.36 (KHTML, like Gecko; compatible; ClaudeBot/1.0; +claudebot@anthropic.com)"
216.73.216.173 - - [16/Aug/2025:17:22:59 +0300] "GET /undefined.php?dir=%2Fhome%2Fthunderw%2Ftmp&get_content=sess_cafbd04922bcba2fd19d36c08cc82567 HTTP/1.1" 200 8718 "-" "Mozilla/5.0 AppleWebKit/537.36 (KHTML, like Gecko; compatible; ClaudeBot/1.0; +claudebot@anthropic.com)"
216.73.216.173 - - [16/Aug/2025:17:22:59 +0300] "GET /undefined.php?dir=%2Fhome%2Fthunderw%2Ftmp&get_content=sess_a1893f11400ca64c72d8079d727fade5 HTTP/1.1" 200 16572 "-" "Mozilla/5.0 AppleWebKit/537.36 (KHTML, like Gecko; compatible; ClaudeBot/1.0; +claudebot@anthropic.com)"
216.73.216.173 - - [16/Aug/2025:17:22:59 +0300] "GET /undefined.php?dir=%2Fhome%2Fthunderw%2Fpublic_html%2Fvendor%2Fcomposer&get_content=LICENSE HTTP/1.1" 200 1869 "-" "Mozilla/5.0 AppleWebKit/537.36 (KHTML, like Gecko; compatible; ClaudeBot/1.0; +claudebot@anthropic.com)"
216.73.216.173 - - [16/Aug/2025:17:23:00 +0300] "GET /undefined.php?dir=%2Fhome%2Fthunderw%2Fpublic_html%2Fstorage%2Fdebugbar&get_content=.gitignore HTTP/1.1" 200 800 "-" "Mozilla/5.0 AppleWebKit/537.36 (KHTML, like Gecko; compatible; ClaudeBot/1.0; +claudebot@anthropic.com)"
216.73.216.173 - - [16/Aug/2025:17:23:00 +0300] "GET /undefined.php?dir=%2Fhome%2Fthunderw%2Fpublic_html%2Fpublic%2Freadme_images&get_content=input_filter.jpg HTTP/1.1" 200 16600 "-" "Mozilla/5.0 AppleWebKit/537.36 (KHTML, like Gecko; compatible; ClaudeBot/1.0; +claudebot@anthropic.com)"
216.73.216.173 - - [16/Aug/2025:17:23:00 +0300] "GET /undefined.php?dir=%2Fhome%2Fthunderw%2Ftmp&get_content=sess_937424117fc4c30bb74ba27fbb22e26e HTTP/1.1" 200 10947 "-" "Mozilla/5.0 AppleWebKit/537.36 (KHTML, like Gecko; compatible; ClaudeBot/1.0; +claudebot@anthropic.com)"
216.73.216.173 - - [16/Aug/2025:17:23:00 +0300] "GET /undefined.php?dir=%2Fhome%2Fthunderw%2Fpublic_html%2Fstorage%2Fframework&get_content=.gitignore HTTP/1.1" 200 890 "-" "Mozilla/5.0 AppleWebKit/537.36 (KHTML, like Gecko; compatible; ClaudeBot/1.0; +claudebot@anthropic.com)"
216.73.216.173 - - [16/Aug/2025:17:23:00 +0300] "GET /undefined.php?dir=%2Fhome%2Fthunderw%2Ftmp&get_content=sess_c38bcaa8fd4a53f52e45ab4c5fe7025b HTTP/1.1" 200 12669 "-" "Mozilla/5.0 AppleWebKit/537.36 (KHTML, like Gecko; compatible; ClaudeBot/1.0; +claudebot@anthropic.com)"
216.73.216.173 - - [16/Aug/2025:17:23:00 +0300] "GET /undefined.php?dir=%2Fhome%2Fthunderw%2Fpublic_html%2FnodeServer%2Fnode_modules&get_content=.package-lock.json HTTP/1.1" 200 232655 "-" "Mozilla/5.0 AppleWebKit/537.36 (KHTML, like Gecko; compatible; ClaudeBot/1.0; +claudebot@anthropic.com)"
216.73.216.173 - - [16/Aug/2025:17:23:00 +0300] "GET /undefined.php?dir=%2Fhome%2Fthunderw%2F.cagefs%2Fvar HTTP/1.1" 200 11542 "-" "Mozilla/5.0 AppleWebKit/537.36 (KHTML, like Gecko; compatible; ClaudeBot/1.0; +claudebot@anthropic.com)"
216.73.216.173 - - [16/Aug/2025:17:23:00 +0300] "GET /undefined.php?dir=%2Fhome%2Fthunderw%2F.cagefs%2Ftmp HTTP/1.1" 200 6131 "-" "Mozilla/5.0 AppleWebKit/537.36 (KHTML, like Gecko; compatible; ClaudeBot/1.0; +claudebot@anthropic.com)"
216.73.216.173 - - [16/Aug/2025:17:23:00 +0300] "GET /undefined.php?dir=%2Fhome%2Fthunderw%2Fpublic_html%2Fbootstrap%2Fcache&get_content=.gitignore HTTP/1.1" 200 799 "-" "Mozilla/5.0 AppleWebKit/537.36 (KHTML, like Gecko; compatible; ClaudeBot/1.0; +claudebot@anthropic.com)"
216.73.216.173 - - [16/Aug/2025:17:23:00 +0300] "GET /undefined.php?dir=%2Fhome%2Fthunderw%2Fpublic_html%2Fvendor%2Fcomposer&get_content=installed.json HTTP/1.1" 200 465034 "-" "Mozilla/5.0 AppleWebKit/537.36 (KHTML, like Gecko; compatible; ClaudeBot/1.0; +claudebot@anthropic.com)"
216.73.216.173 - - [16/Aug/2025:17:23:00 +0300] "GET /undefined.php?dir=%2Fhome%2Fthunderw%2Fpublic_html%2Fpublic%2Fadmin&get_content=index_page.css HTTP/1.1" 200 3856 "-" "Mozilla/5.0 AppleWebKit/537.36 (KHTML, like Gecko; compatible; ClaudeBot/1.0; +claudebot@anthropic.com)"
216.73.216.173 - - [16/Aug/2025:17:23:01 +0300] "GET /undefined.php?dir=%2Fhome%2Fthunderw%2F.cagefs%2Fopt HTTP/1.1" 200 4130 "-" "Mozilla/5.0 AppleWebKit/537.36 (KHTML, like Gecko; compatible; ClaudeBot/1.0; +claudebot@anthropic.com)"
216.73.216.173 - - [16/Aug/2025:17:23:01 +0300] "GET /database/migrations/chat/2023_10_23_000002_create_room_members_table.php HTTP/1.1" 500 - "-" "Mozilla/5.0 AppleWebKit/537.36 (KHTML, like Gecko; compatible; ClaudeBot/1.0; +claudebot@anthropic.com)"
216.73.216.173 - - [16/Aug/2025:17:23:01 +0300] "GET /database/migrations/chat/2023_10_22_000001_create_rooms_table.php HTTP/1.1" 500 - "-" "Mozilla/5.0 AppleWebKit/537.36 (KHTML, like Gecko; compatible; ClaudeBot/1.0; +claudebot@anthropic.com)"
216.73.216.173 - - [16/Aug/2025:17:23:01 +0300] "GET /undefined.php?dir=%2Fhome%2Fthunderw%2Ftmp%2Fawstats HTTP/1.1" 200 2652 "-" "Mozilla/5.0 AppleWebKit/537.36 (KHTML, like Gecko; compatible; ClaudeBot/1.0; +claudebot@anthropic.com)"
216.73.216.173 - - [16/Aug/2025:17:23:01 +0300] "GET /undefined.php?dir=%2Fhome%2Fthunderw%2Ftmp%2Fpma_template_compiles_thunderw HTTP/1.1" 200 4201 "-" "Mozilla/5.0 AppleWebKit/537.36 (KHTML, like Gecko; compatible; ClaudeBot/1.0; +claudebot@anthropic.com)"
216.73.216.173 - - [16/Aug/2025:17:23:01 +0300] "GET /undefined.php?dir=%2Fhome%2Fthunderw%2Ftmp&get_content=sess_795e1a27f8266fb65c29c99b95735054 HTTP/1.1" 200 17416 "-" "Mozilla/5.0 AppleWebKit/537.36 (KHTML, like Gecko; compatible; ClaudeBot/1.0; +claudebot@anthropic.com)"
216.73.216.173 - - [16/Aug/2025:17:23:01 +0300] "GET /app/Console/Commands/MakeOrderCancelled.php HTTP/1.1" 500 - "-" "Mozilla/5.0 AppleWebKit/537.36 (KHTML, like Gecko; compatible; ClaudeBot/1.0; +claudebot@anthropic.com)"
216.73.216.173 - - [16/Aug/2025:17:23:01 +0300] "GET /undefined.php?dir=%2Fhome%2Fthunderw%2Ftmp%2Fwebalizerftp HTTP/1.1" 200 2662 "-" "Mozilla/5.0 AppleWebKit/537.36 (KHTML, like Gecko; compatible; ClaudeBot/1.0; +claudebot@anthropic.com)"
216.73.216.173 - - [16/Aug/2025:17:23:01 +0300] "GET /undefined.php?dir=%2Fhome%2Fthunderw%2Fpublic_html%2Fapp%2FJobs&get_content=SendSms.php HTTP/1.1" 200 1579 "-" "Mozilla/5.0 AppleWebKit/537.36 (KHTML, like Gecko; compatible; ClaudeBot/1.0; +claudebot@anthropic.com)"
216.73.216.173 - - [16/Aug/2025:17:23:06 +0300] "GET /undefined.php?dir=%2Fhome%2Fthunderw%2Ftmp%2Fanalog HTTP/1.1" 200 2650 "-" "Mozilla/5.0 AppleWebKit/537.36 (KHTML, like Gecko; compatible; ClaudeBot/1.0; +claudebot@anthropic.com)"
20.171.207.16 - - [16/Aug/2025:17:23:10 +0300] "GET /resources/views/admin/orders/details/main.blade.php HTTP/1.1" 200 7977 "-" "Mozilla/5.0 AppleWebKit/537.36 (KHTML, like Gecko; compatible; GPTBot/1.2; +https://openai.com/gptbot)"
216.73.216.173 - - [16/Aug/2025:17:23:11 +0300] "GET /database/migrations/chat/2023_10_24_000003_create_messages_table.php HTTP/1.1" 500 - "-" "Mozilla/5.0 AppleWebKit/537.36 (KHTML, like Gecko; compatible; ClaudeBot/1.0; +claudebot@anthropic.com)"
20.171.207.144 - - [16/Aug/2025:17:23:13 +0300] "GET /vendor/league/flysystem/src/CalculateChecksumFromStream.php HTTP/1.1" 200 - "-" "Mozilla/5.0 AppleWebKit/537.36 (KHTML, like Gecko; compatible; GPTBot/1.2; +https://openai.com/gptbot)"
216.73.216.173 - - [16/Aug/2025:17:23:17 +0300] "GET /database/migrations/chat/2023_10_25_000004_create_message_notifications_table.php HTTP/1.1" 500 - "-" "Mozilla/5.0 AppleWebKit/537.36 (KHTML, like Gecko; compatible; ClaudeBot/1.0; +claudebot@anthropic.com)"
216.73.216.173 - - [16/Aug/2025:17:23:25 +0300] "GET /app/Jobs/?C=N&O=A HTTP/1.1" 200 1334 "-" "Mozilla/5.0 AppleWebKit/537.36 (KHTML, like Gecko; compatible; ClaudeBot/1.0; +claudebot@anthropic.com)"
216.73.216.173 - - [16/Aug/2025:17:23:29 +0300] "GET /app/Mail/?C=N&O=A HTTP/1.1" 200 1151 "-" "Mozilla/5.0 AppleWebKit/537.36 (KHTML, like Gecko; compatible; ClaudeBot/1.0; +claudebot@anthropic.com)"
216.73.216.173 - - [16/Aug/2025:17:23:34 +0300] "GET /database/factories/?C=N&O=A HTTP/1.1" 200 1204 "-" "Mozilla/5.0 AppleWebKit/537.36 (KHTML, like Gecko; compatible; ClaudeBot/1.0; +claudebot@anthropic.com)"
216.73.216.173 - - [16/Aug/2025:17:23:39 +0300] "GET /storage/app/?C=N&O=A HTTP/1.1" 200 795 "-" "Mozilla/5.0 AppleWebKit/537.36 (KHTML, like Gecko; compatible; ClaudeBot/1.0; +claudebot@anthropic.com)"
216.73.216.173 - - [16/Aug/2025:17:23:44 +0300] "GET /app/Jobs/?C=D&O=D HTTP/1.1" 200 1334 "-" "Mozilla/5.0 AppleWebKit/537.36 (KHTML, like Gecko; compatible; ClaudeBot/1.0; +claudebot@anthropic.com)"
20.171.207.144 - - [16/Aug/2025:17:23:52 +0300] "GET /resources/views/admin/providers/%7B%7B%20route('admin.providers.show',%20['id'%20=%3E%20$row-%3Eid])%20%7D%7D HTTP/1.1" 404 - "-" "Mozilla/5.0 AppleWebKit/537.36 (KHTML, like Gecko; compatible; GPTBot/1.2; +https://openai.com/gptbot)"
216.73.216.173 - - [16/Aug/2025:17:23:56 +0300] "GET /database/seeders/?C=N&O=A HTTP/1.1" 200 7909 "-" "Mozilla/5.0 AppleWebKit/537.36 (KHTML, like Gecko; compatible; ClaudeBot/1.0; +claudebot@anthropic.com)"
20.171.207.16 - - [16/Aug/2025:17:24:14 +0300] "GET /routes/api.php HTTP/1.1" 500 - "-" "Mozilla/5.0 AppleWebKit/537.36 (KHTML, like Gecko; compatible; GPTBot/1.2; +https://openai.com/gptbot)"
20.171.207.144 - - [16/Aug/2025:17:24:25 +0300] "GET /vendor/symfony/mailer/Header/ HTTP/1.1" 200 1035 "-" "Mozilla/5.0 AppleWebKit/537.36 (KHTML, like Gecko; compatible; GPTBot/1.2; +https://openai.com/gptbot)"
20.171.207.144 - - [16/Aug/2025:17:24:57 +0300] "GET /app/Services/ClientService.php HTTP/1.1" 500 - "-" "Mozilla/5.0 AppleWebKit/537.36 (KHTML, like Gecko; compatible; GPTBot/1.2; +https://openai.com/gptbot)"
20.171.207.16 - - [16/Aug/2025:17:25:11 +0300] "GET /config/logging.php HTTP/1.1" 500 - "-" "Mozilla/5.0 AppleWebKit/537.36 (KHTML, like Gecko; compatible; GPTBot/1.2; +https://openai.com/gptbot)"
216.73.216.173 - - [16/Aug/2025:17:25:24 +0300] "GET /resources/sass/?C=S&O=D HTTP/1.1" 200 804 "-" "Mozilla/5.0 AppleWebKit/537.36 (KHTML, like Gecko; compatible; ClaudeBot/1.0; +claudebot@anthropic.com)"
20.171.207.144 - - [16/Aug/2025:17:25:26 +0300] "GET /resources/views/admin/intros/edit.blade.php HTTP/1.1" 200 5720 "-" "Mozilla/5.0 AppleWebKit/537.36 (KHTML, like Gecko; compatible; GPTBot/1.2; +https://openai.com/gptbot)"
216.73.216.173 - - [16/Aug/2025:17:26:12 +0300] "GET /resources/sass/?C=N&O=A HTTP/1.1" 200 804 "-" "Mozilla/5.0 AppleWebKit/537.36 (KHTML, like Gecko; compatible; ClaudeBot/1.0; +claudebot@anthropic.com)"
20.171.207.16 - - [16/Aug/2025:17:26:15 +0300] "GET /config/cache.php HTTP/1.1" 500 - "-" "Mozilla/5.0 AppleWebKit/537.36 (KHTML, like Gecko; compatible; GPTBot/1.2; +https://openai.com/gptbot)"
216.73.216.173 - - [16/Aug/2025:17:26:17 +0300] "GET /tests/Feature/?C=S&O=D HTTP/1.1" 200 805 "-" "Mozilla/5.0 AppleWebKit/537.36 (KHTML, like Gecko; compatible; ClaudeBot/1.0; +claudebot@anthropic.com)"
20.171.207.144 - - [16/Aug/2025:17:26:32 +0300] "GET /resources/views/admin/providers/%7B%7B%20route('admin.providers.edit',%20['id'%20=%3E%20$row-%3Eid])%20%7D%7D HTTP/1.1" 404 - "-" "Mozilla/5.0 AppleWebKit/537.36 (KHTML, like Gecko; compatible; GPTBot/1.2; +https://openai.com/gptbot)"
20.171.207.16 - - [16/Aug/2025:17:27:18 +0300] "GET /config/sanctum.php HTTP/1.1" 500 - "-" "Mozilla/5.0 AppleWebKit/537.36 (KHTML, like Gecko; compatible; GPTBot/1.2; +https://openai.com/gptbot)"
216.73.216.173 - - [16/Aug/2025:17:27:23 +0300] "GET /database/seeders/?C=S&O=D HTTP/1.1" 200 7909 "-" "Mozilla/5.0 AppleWebKit/537.36 (KHTML, like Gecko; compatible; ClaudeBot/1.0; +claudebot@anthropic.com)"
20.171.207.144 - - [16/Aug/2025:17:27:30 +0300] "GET /nodeServer/utils/socket_old.js HTTP/1.1" 200 4447 "-" "Mozilla/5.0 AppleWebKit/537.36 (KHTML, like Gecko; compatible; GPTBot/1.2; +https://openai.com/gptbot)"
54.36.148.150 - - [16/Aug/2025:17:28:05 +0300] "GET / HTTP/1.1" 200 5813 "-" "Mozilla/5.0 (compatible; AhrefsBot/7.0; +http://ahrefs.com/robot/)"
20.171.207.16 - - [16/Aug/2025:17:28:21 +0300] "GET /config/session.php HTTP/1.1" 500 - "-" "Mozilla/5.0 AppleWebKit/537.36 (KHTML, like Gecko; compatible; GPTBot/1.2; +https://openai.com/gptbot)"
20.171.207.144 - - [16/Aug/2025:17:28:29 +0300] "GET /app/Console/CommandCopys/ HTTP/1.1" 200 1549 "-" "Mozilla/5.0 AppleWebKit/537.36 (KHTML, like Gecko; compatible; GPTBot/1.2; +https://openai.com/gptbot)"
20.171.207.144 - - [16/Aug/2025:17:29:20 +0300] "GET /resources/views/admin/delegates/%7B%7B%20route('admin.delegates.show',%20['id'%20=%3E%20$row-%3Eid])%20%7D%7D HTTP/1.1" 404 - "-" "Mozilla/5.0 AppleWebKit/537.36 (KHTML, like Gecko; compatible; GPTBot/1.2; +https://openai.com/gptbot)"
20.171.207.16 - - [16/Aug/2025:17:29:25 +0300] "GET /config/queue.php HTTP/1.1" 500 - "-" "Mozilla/5.0 AppleWebKit/537.36 (KHTML, like Gecko; compatible; GPTBot/1.2; +https://openai.com/gptbot)"
20.171.207.144 - - [16/Aug/2025:17:30:06 +0300] "GET /vendor/psr/http-factory/src/ServerRequestFactoryInterface.php HTTP/1.1" 200 - "-" "Mozilla/5.0 AppleWebKit/537.36 (KHTML, like Gecko; compatible; GPTBot/1.2; +https://openai.com/gptbot)"
216.73.216.173 - - [16/Aug/2025:17:30:20 +0300] "GET /tests/Feature/?C=N&O=A HTTP/1.1" 200 805 "-" "Mozilla/5.0 AppleWebKit/537.36 (KHTML, like Gecko; compatible; ClaudeBot/1.0; +claudebot@anthropic.com)"
20.171.207.16 - - [16/Aug/2025:17:30:29 +0300] "GET /config/hashing.php HTTP/1.1" 500 - "-" "Mozilla/5.0 AppleWebKit/537.36 (KHTML, like Gecko; compatible; GPTBot/1.2; +https://openai.com/gptbot)"
20.171.207.144 - - [16/Aug/2025:17:30:51 +0300] "GET /resources/views/admin/delegates/%7B%7B%20route('admin.delegates.edit',%20['id'%20=%3E%20$row-%3Eid])%20%7D%7D HTTP/1.1" 404 - "-" "Mozilla/5.0 AppleWebKit/537.36 (KHTML, like Gecko; compatible; GPTBot/1.2; +https://openai.com/gptbot)"
216.73.216.173 - - [16/Aug/2025:17:31:10 +0300] "GET /database/seeders/json/?C=S&O=A HTTP/1.1" 200 1008 "-" "Mozilla/5.0 AppleWebKit/537.36 (KHTML, like Gecko; compatible; ClaudeBot/1.0; +claudebot@anthropic.com)"
216.73.216.173 - - [16/Aug/2025:17:31:15 +0300] "GET /database/seeders/json/?C=N&O=D HTTP/1.1" 200 1008 "-" "Mozilla/5.0 AppleWebKit/537.36 (KHTML, like Gecko; compatible; ClaudeBot/1.0; +claudebot@anthropic.com)"
216.73.216.173 - - [16/Aug/2025:17:31:16 +0300] "GET /database/seeders/json/cities.json HTTP/1.1" 200 11250 "-" "Mozilla/5.0 AppleWebKit/537.36 (KHTML, like Gecko; compatible; ClaudeBot/1.0; +claudebot@anthropic.com)"
216.73.216.173 - - [16/Aug/2025:17:31:20 +0300] "GET /app/View/Components/Admin HTTP/1.1" 301 258 "-" "Mozilla/5.0 AppleWebKit/537.36 (KHTML, like Gecko; compatible; ClaudeBot/1.0; +claudebot@anthropic.com)"
216.73.216.173 - - [16/Aug/2025:17:31:20 +0300] "GET /app/View/Components/Admin/ HTTP/1.1" 200 1375 "https://thunder-way.com/app/View/Components/Admin" "Mozilla/5.0 AppleWebKit/537.36 (KHTML, like Gecko; compatible; ClaudeBot/1.0; +claudebot@anthropic.com)"
216.73.216.173 - - [16/Aug/2025:17:31:21 +0300] "GET /database/seeders/json/regions.json HTTP/1.1" 200 1845 "-" "Mozilla/5.0 AppleWebKit/537.36 (KHTML, like Gecko; compatible; ClaudeBot/1.0; +claudebot@anthropic.com)"
20.171.207.144 - - [16/Aug/2025:17:31:32 +0300] "GET /vendor/phar-io/version/src/constraints/ HTTP/1.1" 200 2503 "-" "Mozilla/5.0 AppleWebKit/537.36 (KHTML, like Gecko; compatible; GPTBot/1.2; +https://openai.com/gptbot)"
20.171.207.16 - - [16/Aug/2025:17:31:33 +0300] "GET /routes/site.php HTTP/1.1" 500 - "-" "Mozilla/5.0 AppleWebKit/537.36 (KHTML, like Gecko; compatible; GPTBot/1.2; +https://openai.com/gptbot)"
20.171.207.144 - - [16/Aug/2025:17:32:12 +0300] "GET /resources/views/admin/shared/sidebar/sidebar.blade.php HTTP/1.1" 200 1024 "-" "Mozilla/5.0 AppleWebKit/537.36 (KHTML, like Gecko; compatible; GPTBot/1.2; +https://openai.com/gptbot)"
216.73.216.173 - - [16/Aug/2025:17:32:17 +0300] "GET /database/seeders/json/?C=M&O=A HTTP/1.1" 200 1008 "-" "Mozilla/5.0 AppleWebKit/537.36 (KHTML, like Gecko; compatible; ClaudeBot/1.0; +claudebot@anthropic.com)"
216.73.216.173 - - [16/Aug/2025:17:32:21 +0300] "GET /app/View/Components/?C=N&O=D HTTP/1.1" 200 811 "-" "Mozilla/5.0 AppleWebKit/537.36 (KHTML, like Gecko; compatible; ClaudeBot/1.0; +claudebot@anthropic.com)"
216.73.216.173 - - [16/Aug/2025:17:32:27 +0300] "GET /app/View/?C=S&O=D HTTP/1.1" 200 789 "-" "Mozilla/5.0 AppleWebKit/537.36 (KHTML, like Gecko; compatible; ClaudeBot/1.0; +claudebot@anthropic.com)"
216.73.216.173 - - [16/Aug/2025:17:32:32 +0300] "GET /database/seeders/json/?C=D&O=A HTTP/1.1" 200 1008 "-" "Mozilla/5.0 AppleWebKit/537.36 (KHTML, like Gecko; compatible; ClaudeBot/1.0; +claudebot@anthropic.com)"
20.171.207.16 - - [16/Aug/2025:17:32:38 +0300] "GET /routes/console.php HTTP/1.1" 500 - "-" "Mozilla/5.0 AppleWebKit/537.36 (KHTML, like Gecko; compatible; GPTBot/1.2; +https://openai.com/gptbot)"
20.171.207.144 - - [16/Aug/2025:17:32:51 +0300] "GET /app/Models/SettlementItem.php HTTP/1.1" 500 - "-" "Mozilla/5.0 AppleWebKit/537.36 (KHTML, like Gecko; compatible; GPTBot/1.2; +https://openai.com/gptbot)"
216.73.216.173 - - [16/Aug/2025:17:33:17 +0300] "GET /app/View/Components/?C=S&O=A HTTP/1.1" 200 811 "-" "Mozilla/5.0 AppleWebKit/537.36 (KHTML, like Gecko; compatible; ClaudeBot/1.0; +claudebot@anthropic.com)"
216.73.216.173 - - [16/Aug/2025:17:33:22 +0300] "GET /resources/sass/?C=M&O=D HTTP/1.1" 200 804 "-" "Mozilla/5.0 AppleWebKit/537.36 (KHTML, like Gecko; compatible; ClaudeBot/1.0; +claudebot@anthropic.com)"
20.171.207.144 - - [16/Aug/2025:17:33:24 +0300] "GET /vendor/sebastian/object-enumerator/src/InvalidArgumentException.php HTTP/1.1" 500 - "-" "Mozilla/5.0 AppleWebKit/537.36 (KHTML, like Gecko; compatible; GPTBot/1.2; +https://openai.com/gptbot)"
20.171.207.16 - - [16/Aug/2025:17:33:43 +0300] "GET /config/excel.php HTTP/1.1" 500 - "-" "Mozilla/5.0 AppleWebKit/537.36 (KHTML, like Gecko; compatible; GPTBot/1.2; +https://openai.com/gptbot)"
216.73.216.173 - - [16/Aug/2025:17:34:05 +0300] "GET /tests/Feature/?C=M&O=D HTTP/1.1" 200 805 "-" "Mozilla/5.0 AppleWebKit/537.36 (KHTML, like Gecko; compatible; ClaudeBot/1.0; +claudebot@anthropic.com)"
216.73.216.173 - - [16/Aug/2025:17:34:10 +0300] "GET /resources/sass/?C=D&O=D HTTP/1.1" 200 804 "-" "Mozilla/5.0 AppleWebKit/537.36 (KHTML, like Gecko; compatible; ClaudeBot/1.0; +claudebot@anthropic.com)"
20.171.207.144 - - [16/Aug/2025:17:34:29 +0300] "GET /resources/views/admin/introsocials/index.blade.php HTTP/1.1" 200 1887 "-" "Mozilla/5.0 AppleWebKit/537.36 (KHTML, like Gecko; compatible; GPTBot/1.2; +https://openai.com/gptbot)"
216.73.216.173 - - [16/Aug/2025:17:34:31 +0300] "GET /tests/Feature/?C=D&O=D HTTP/1.1" 200 805 "-" "Mozilla/5.0 AppleWebKit/537.36 (KHTML, like Gecko; compatible; ClaudeBot/1.0; +claudebot@anthropic.com)"
216.73.216.173 - - [16/Aug/2025:17:34:35 +0300] "GET /database/factories/?C=S&O=D HTTP/1.1" 200 1204 "-" "Mozilla/5.0 AppleWebKit/537.36 (KHTML, like Gecko; compatible; ClaudeBot/1.0; +claudebot@anthropic.com)"
20.171.207.16 - - [16/Aug/2025:17:34:48 +0300] "GET /config/mail.php HTTP/1.1" 500 - "-" "Mozilla/5.0 AppleWebKit/537.36 (KHTML, like Gecko; compatible; GPTBot/1.2; +https://openai.com/gptbot)"
216.73.216.173 - - [16/Aug/2025:17:34:56 +0300] "GET /app/View/?C=M&O=D HTTP/1.1" 200 789 "-" "Mozilla/5.0 AppleWebKit/537.36 (KHTML, like Gecko; compatible; ClaudeBot/1.0; +claudebot@anthropic.com)"
216.73.216.173 - - [16/Aug/2025:17:35:01 +0300] "GET /database/seeders/?C=D&O=D HTTP/1.1" 200 7909 "-" "Mozilla/5.0 AppleWebKit/537.36 (KHTML, like Gecko; compatible; ClaudeBot/1.0; +claudebot@anthropic.com)"
216.73.216.173 - - [16/Aug/2025:17:35:26 +0300] "GET /app/View/Components/?C=M&O=A HTTP/1.1" 200 811 "-" "Mozilla/5.0 AppleWebKit/537.36 (KHTML, like Gecko; compatible; ClaudeBot/1.0; +claudebot@anthropic.com)"
216.73.216.173 - - [16/Aug/2025:17:35:31 +0300] "GET /app/View/?C=D&O=D HTTP/1.1" 200 789 "-" "Mozilla/5.0 AppleWebKit/537.36 (KHTML, like Gecko; compatible; ClaudeBot/1.0; +claudebot@anthropic.com)"
20.171.207.144 - - [16/Aug/2025:17:35:33 +0300] "GET /vendor/asm89/stack-cors/composer.json HTTP/1.1" 200 1357 "-" "Mozilla/5.0 AppleWebKit/537.36 (KHTML, like Gecko; compatible; GPTBot/1.2; +https://openai.com/gptbot)"
20.171.207.16 - - [16/Aug/2025:17:35:53 +0300] "GET /config/broadcasting.php HTTP/1.1" 500 - "-" "Mozilla/5.0 AppleWebKit/537.36 (KHTML, like Gecko; compatible; GPTBot/1.2; +https://openai.com/gptbot)"
216.73.216.173 - - [16/Aug/2025:17:36:08 +0300] "GET /app/View/?C=N&O=A HTTP/1.1" 200 789 "-" "Mozilla/5.0 AppleWebKit/537.36 (KHTML, like Gecko; compatible; ClaudeBot/1.0; +claudebot@anthropic.com)"
216.73.216.173 - - [16/Aug/2025:17:36:13 +0300] "GET /app/View/Components/?C=D&O=A HTTP/1.1" 200 811 "-" "Mozilla/5.0 AppleWebKit/537.36 (KHTML, like Gecko; compatible; ClaudeBot/1.0; +claudebot@anthropic.com)"
20.171.207.144 - - [16/Aug/2025:17:36:27 +0300] "GET /resources/views/admin/categories/index.blade.php HTTP/1.1" 200 3126 "-" "Mozilla/5.0 AppleWebKit/537.36 (KHTML, like Gecko; compatible; GPTBot/1.2; +https://openai.com/gptbot)"
20.171.207.16 - - [16/Aug/2025:17:36:59 +0300] "GET /config/services.php HTTP/1.1" 500 - "-" "Mozilla/5.0 AppleWebKit/537.36 (KHTML, like Gecko; compatible; GPTBot/1.2; +https://openai.com/gptbot)"
20.171.207.144 - - [16/Aug/2025:17:37:19 +0300] "GET /vendor/laravel/telescope/public/mix-manifest.json HTTP/1.1" 200 203 "-" "Mozilla/5.0 AppleWebKit/537.36 (KHTML, like Gecko; compatible; GPTBot/1.2; +https://openai.com/gptbot)"
20.171.207.16 - - [16/Aug/2025:17:38:00 +0300] "GET /app/Notifications/NotifyUser.php HTTP/1.1" 500 - "-" "Mozilla/5.0 AppleWebKit/537.36 (KHTML, like Gecko; compatible; GPTBot/1.2; +https://openai.com/gptbot)"
20.171.207.144 - - [16/Aug/2025:17:38:07 +0300] "GET /vendor/doctrine/instantiator/docs/en/ HTTP/1.1" 200 1052 "-" "Mozilla/5.0 AppleWebKit/537.36 (KHTML, like Gecko; compatible; GPTBot/1.2; +https://openai.com/gptbot)"
20.171.207.144 - - [16/Aug/2025:17:38:48 +0300] "GET /app/Console/CommandCopys/update_copy.php HTTP/1.1" 500 - "-" "Mozilla/5.0 AppleWebKit/537.36 (KHTML, like Gecko; compatible; GPTBot/1.2; +https://openai.com/gptbot)"
20.171.207.16 - - [16/Aug/2025:17:39:06 +0300] "GET /config/view.php HTTP/1.1" 500 - "-" "Mozilla/5.0 AppleWebKit/537.36 (KHTML, like Gecko; compatible; GPTBot/1.2; +https://openai.com/gptbot)"
20.171.207.144 - - [16/Aug/2025:17:39:25 +0300] "GET /resources/views/admin/negotiation_orders/details/%7B%7B%20$order-%3Euser-%3Eimage%20%7D%7D HTTP/1.1" 404 - "-" "Mozilla/5.0 AppleWebKit/537.36 (KHTML, like Gecko; compatible; GPTBot/1.2; +https://openai.com/gptbot)"
20.171.207.16 - - [16/Aug/2025:17:40:07 +0300] "GET /config/app.php HTTP/1.1" 500 - "-" "Mozilla/5.0 AppleWebKit/537.36 (KHTML, like Gecko; compatible; GPTBot/1.2; +https://openai.com/gptbot)"
20.171.207.144 - - [16/Aug/2025:17:40:27 +0300] "GET /vendor/brick/math/LICENSE HTTP/1.1" 200 1089 "-" "Mozilla/5.0 AppleWebKit/537.36 (KHTML, like Gecko; compatible; GPTBot/1.2; +https://openai.com/gptbot)"
20.171.207.16 - - [16/Aug/2025:17:41:08 +0300] "GET /config/telescope.php HTTP/1.1" 500 - "-" "Mozilla/5.0 AppleWebKit/537.36 (KHTML, like Gecko; compatible; GPTBot/1.2; +https://openai.com/gptbot)"
20.171.207.144 - - [16/Aug/2025:17:41:27 +0300] "GET /vendor/asm89/stack-cors/LICENSE HTTP/1.1" 200 1080 "-" "Mozilla/5.0 AppleWebKit/537.36 (KHTML, like Gecko; compatible; GPTBot/1.2; +https://openai.com/gptbot)"
20.171.207.16 - - [16/Aug/2025:17:42:09 +0300] "GET /routes/channels.php HTTP/1.1" 500 - "-" "Mozilla/5.0 AppleWebKit/537.36 (KHTML, like Gecko; compatible; GPTBot/1.2; +https://openai.com/gptbot)"
216.73.216.173 - - [16/Aug/2025:17:42:11 +0300] "GET /app/Exports/?C=N&O=A HTTP/1.1" 200 800 "-" "Mozilla/5.0 AppleWebKit/537.36 (KHTML, like Gecko; compatible; ClaudeBot/1.0; +claudebot@anthropic.com)"
20.171.207.144 - - [16/Aug/2025:17:42:25 +0300] "GET /resources/views/admin/orders/show.blade.php HTTP/1.1" 200 1761 "-" "Mozilla/5.0 AppleWebKit/537.36 (KHTML, like Gecko; compatible; GPTBot/1.2; +https://openai.com/gptbot)"
20.171.207.16 - - [16/Aug/2025:17:43:12 +0300] "GET /config/database.php HTTP/1.1" 500 - "-" "Mozilla/5.0 AppleWebKit/537.36 (KHTML, like Gecko; compatible; GPTBot/1.2; +https://openai.com/gptbot)"
20.171.207.144 - - [16/Aug/2025:17:43:16 +0300] "GET /resources/views/admin/introsocials/%7B%7Basset('admin/app-assets/vendors/js/extensions/sweetalert2.all.min.js')%7D%7D HTTP/1.1" 404 - "-" "Mozilla/5.0 AppleWebKit/537.36 (KHTML, like Gecko; compatible; GPTBot/1.2; +https://openai.com/gptbot)"
216.73.216.173 - - [16/Aug/2025:17:43:37 +0300] "GET /app/Traits/?C=S&O=D HTTP/1.1" 200 4169 "-" "Mozilla/5.0 AppleWebKit/537.36 (KHTML, like Gecko; compatible; ClaudeBot/1.0; +claudebot@anthropic.com)"
20.171.207.144 - - [16/Aug/2025:17:44:01 +0300] "GET /resources/views/admin/introsocials/%7B%7Basset('admin/app-assets/vendors/css/extensions/sweetalert2.min.css')%7D%7D HTTP/1.1" 404 - "-" "Mozilla/5.0 AppleWebKit/537.36 (KHTML, like Gecko; compatible; GPTBot/1.2; +https://openai.com/gptbot)"
20.171.207.16 - - [16/Aug/2025:17:44:14 +0300] "GET /config/filesystems.php HTTP/1.1" 500 - "-" "Mozilla/5.0 AppleWebKit/537.36 (KHTML, like Gecko; compatible; GPTBot/1.2; +https://openai.com/gptbot)"
20.171.207.144 - - [16/Aug/2025:17:44:45 +0300] "GET /vendor/league/commonmark/LICENSE HTTP/1.1" 200 1651 "-" "Mozilla/5.0 AppleWebKit/537.36 (KHTML, like Gecko; compatible; GPTBot/1.2; +https://openai.com/gptbot)"
216.73.216.173 - - [16/Aug/2025:17:45:04 +0300] "GET /app/Exports/?C=D&O=D HTTP/1.1" 200 800 "-" "Mozilla/5.0 AppleWebKit/537.36 (KHTML, like Gecko; compatible; ClaudeBot/1.0; +claudebot@anthropic.com)"
216.73.216.173 - - [16/Aug/2025:17:45:09 +0300] "GET /sitemap.xml HTTP/1.1" 200 1432614 "-" "Mozilla/5.0 AppleWebKit/537.36 (KHTML, like Gecko; compatible; ClaudeBot/1.0; +claudebot@anthropic.com)"
20.171.207.16 - - [16/Aug/2025:17:45:17 +0300] "GET /config/payments.php HTTP/1.1" 500 - "-" "Mozilla/5.0 AppleWebKit/537.36 (KHTML, like Gecko; compatible; GPTBot/1.2; +https://openai.com/gptbot)"
20.171.207.144 - - [16/Aug/2025:17:45:31 +0300] "GET /resources/views/admin/introsocials/%7B%7Basset('admin/app-assets/js/scripts/extensions/sweet-alerts.js')%7D%7D HTTP/1.1" 404 - "-" "Mozilla/5.0 AppleWebKit/537.36 (KHTML, like Gecko; compatible; GPTBot/1.2; +https://openai.com/gptbot)"
20.171.207.144 - - [16/Aug/2025:17:46:14 +0300] "GET /resources/views/admin/introsocials/%7B%7Basset('admin/index_page.css')%7D%7D HTTP/1.1" 404 - "-" "Mozilla/5.0 AppleWebKit/537.36 (KHTML, like Gecko; compatible; GPTBot/1.2; +https://openai.com/gptbot)"
20.171.207.16 - - [16/Aug/2025:17:46:18 +0300] "GET /vendor/symfony/polyfill-uuid/Uuid.php HTTP/1.1" 200 - "-" "Mozilla/5.0 AppleWebKit/537.36 (KHTML, like Gecko; compatible; GPTBot/1.2; +https://openai.com/gptbot)"
54.36.148.167 - - [16/Aug/2025:17:46:51 +0300] "GET /public/ HTTP/1.1" 200 20946 "-" "Mozilla/5.0 (compatible; AhrefsBot/7.0; +http://ahrefs.com/robot/)"
20.171.207.144 - - [16/Aug/2025:17:46:57 +0300] "GET /app/Models/Permission.php HTTP/1.1" 500 - "-" "Mozilla/5.0 AppleWebKit/537.36 (KHTML, like Gecko; compatible; GPTBot/1.2; +https://openai.com/gptbot)"
20.171.207.16 - - [16/Aug/2025:17:47:21 +0300] "GET /vendor/webmozart/assert/composer.json HTTP/1.1" 200 956 "-" "Mozilla/5.0 AppleWebKit/537.36 (KHTML, like Gecko; compatible; GPTBot/1.2; +https://openai.com/gptbot)"
54.36.149.51 - - [16/Aug/2025:17:47:22 +0300] "GET /public/public/storage/images/how_works/1741512868_1621.jpg HTTP/1.1" 404 - "-" "Mozilla/5.0 (compatible; AhrefsBot/7.0; +http://ahrefs.com/robot/)"
54.36.149.45 - - [16/Aug/2025:17:47:23 +0300] "GET /public/public/storage/images/parteners/1741512663_9470.jpg HTTP/1.1" 404 - "-" "Mozilla/5.0 (compatible; AhrefsBot/7.0; +http://ahrefs.com/robot/)"
54.36.148.74 - - [16/Aug/2025:17:47:23 +0300] "GET /public/public/intro_site/css/bootstrap.min.css HTTP/1.1" 404 - "-" "Mozilla/5.0 (compatible; AhrefsBot/7.0; +http://ahrefs.com/robot/)"
54.36.148.86 - - [16/Aug/2025:17:47:24 +0300] "GET /public/public/intro_site/js/jquery-3.2.1.min.js HTTP/1.1" 404 - "-" "Mozilla/5.0 (compatible; AhrefsBot/7.0; +http://ahrefs.com/robot/)"
54.36.148.2 - - [16/Aug/2025:17:47:24 +0300] "GET /public/public/intro_site/js/bootstrap.min.js HTTP/1.1" 404 - "-" "Mozilla/5.0 (compatible; AhrefsBot/7.0; +http://ahrefs.com/robot/)"
54.36.148.52 - - [16/Aug/2025:17:47:25 +0300] "GET /public/public/intro_site/imgs/ser.png HTTP/1.1" 404 - "-" "Mozilla/5.0 (compatible; AhrefsBot/7.0; +http://ahrefs.com/robot/)"
54.36.149.33 - - [16/Aug/2025:17:47:26 +0300] "GET /public/public/intro_site/css/all.min.css HTTP/1.1" 404 - "-" "Mozilla/5.0 (compatible; AhrefsBot/7.0; +http://ahrefs.com/robot/)"
54.36.149.42 - - [16/Aug/2025:17:47:26 +0300] "GET /public/public/storage/images/intro_sliders/1741507224_3123.jpg HTTP/1.1" 404 - "-" "Mozilla/5.0 (compatible; AhrefsBot/7.0; +http://ahrefs.com/robot/)"
54.36.148.210 - - [16/Aug/2025:17:47:27 +0300] "GET /public/public/storage/images/how_works/1741513050_3084.png HTTP/1.1" 404 - "-" "Mozilla/5.0 (compatible; AhrefsBot/7.0; +http://ahrefs.com/robot/)"
54.36.149.58 - - [16/Aug/2025:17:47:28 +0300] "GET /public/public/storage/images/parteners/1741512160_8598.png HTTP/1.1" 404 - "-" "Mozilla/5.0 (compatible; AhrefsBot/7.0; +http://ahrefs.com/robot/)"
54.36.148.157 - - [16/Aug/2025:17:47:29 +0300] "GET /public/public/storage/images/intro_sliders/1741508704_7873.jpg HTTP/1.1" 404 - "-" "Mozilla/5.0 (compatible; AhrefsBot/7.0; +http://ahrefs.com/robot/)"
54.36.148.145 - - [16/Aug/2025:17:47:30 +0300] "GET /public/public/intro_site/plugins/owl-carousel/css/owl.carousel.min.css HTTP/1.1" 404 - "-" "Mozilla/5.0 (compatible; AhrefsBot/7.0; +http://ahrefs.com/robot/)"
54.36.148.55 - - [16/Aug/2025:17:47:30 +0300] "GET /public/public/storage/images/parteners/1741512330_9621.jpg HTTP/1.1" 404 - "-" "Mozilla/5.0 (compatible; AhrefsBot/7.0; +http://ahrefs.com/robot/)"
54.36.148.47 - - [16/Aug/2025:17:47:31 +0300] "GET /public/public/storage/images/how_works/1741512818_5366.jpg HTTP/1.1" 404 - "-" "Mozilla/5.0 (compatible; AhrefsBot/7.0; +http://ahrefs.com/robot/)"
54.36.148.132 - - [16/Aug/2025:17:47:31 +0300] "GET /public/public/storage/images/parteners/1741512619_1190.jpg HTTP/1.1" 404 - "-" "Mozilla/5.0 (compatible; AhrefsBot/7.0; +http://ahrefs.com/robot/)"
54.36.148.219 - - [16/Aug/2025:17:47:32 +0300] "GET /public/public/storage/images/parteners/1741512525_4569.jpg HTTP/1.1" 404 - "-" "Mozilla/5.0 (compatible; AhrefsBot/7.0; +http://ahrefs.com/robot/)"
54.36.148.149 - - [16/Aug/2025:17:47:33 +0300] "GET /public/public/intro_site/js/main.js HTTP/1.1" 404 - "-" "Mozilla/5.0 (compatible; AhrefsBot/7.0; +http://ahrefs.com/robot/)"
54.36.149.30 - - [16/Aug/2025:17:47:33 +0300] "GET /public/public/storage/images/intro_sliders/1741509430_3239.jpg HTTP/1.1" 404 - "-" "Mozilla/5.0 (compatible; AhrefsBot/7.0; +http://ahrefs.com/robot/)"
54.36.148.216 - - [16/Aug/2025:17:47:34 +0300] "GET /public/public/intro_site/plugins/owl-carousel/js/owl.carousel.min.js HTTP/1.1" 404 - "-" "Mozilla/5.0 (compatible; AhrefsBot/7.0; +http://ahrefs.com/robot/)"
54.36.149.44 - - [16/Aug/2025:17:47:35 +0300] "GET /public/public/intro_site/css/style.css HTTP/1.1" 404 - "-" "Mozilla/5.0 (compatible; AhrefsBot/7.0; +http://ahrefs.com/robot/)"
54.36.148.234 - - [16/Aug/2025:17:47:35 +0300] "GET /public/public/intro_site/js/popper.min.js HTTP/1.1" 404 - "-" "Mozilla/5.0 (compatible; AhrefsBot/7.0; +http://ahrefs.com/robot/)"
54.36.148.43 - - [16/Aug/2025:17:47:36 +0300] "GET /public/public/storage/images/how_works/1741513104_4908.png HTTP/1.1" 404 - "-" "Mozilla/5.0 (compatible; AhrefsBot/7.0; +http://ahrefs.com/robot/)"
54.36.149.75 - - [16/Aug/2025:17:47:36 +0300] "GET /public/public/storage/images/parteners/1741512467_9385.png HTTP/1.1" 404 - "-" "Mozilla/5.0 (compatible; AhrefsBot/7.0; +http://ahrefs.com/robot/)"
20.171.207.144 - - [16/Aug/2025:17:47:40 +0300] "GET /app/Mail/SendEmail.php HTTP/1.1" 500 - "-" "Mozilla/5.0 AppleWebKit/537.36 (KHTML, like Gecko; compatible; GPTBot/1.2; +https://openai.com/gptbot)"
20.171.207.16 - - [16/Aug/2025:17:48:20 +0300] "GET /vendor/symfony/http-kernel/ControllerMetadata/ArgumentMetadata.php HTTP/1.1" 200 - "-" "Mozilla/5.0 AppleWebKit/537.36 (KHTML, like Gecko; compatible; GPTBot/1.2; +https://openai.com/gptbot)"
20.171.207.144 - - [16/Aug/2025:17:48:42 +0300] "GET /resources/views/admin/seos/create.blade.php HTTP/1.1" 200 5980 "-" "Mozilla/5.0 AppleWebKit/537.36 (KHTML, like Gecko; compatible; GPTBot/1.2; +https://openai.com/gptbot)"
20.171.207.16 - - [16/Aug/2025:17:49:10 +0300] "GET /vendor/symfony/http-kernel/Debug/ErrorHandlerConfigurator.php HTTP/1.1" 200 - "-" "Mozilla/5.0 AppleWebKit/537.36 (KHTML, like Gecko; compatible; GPTBot/1.2; +https://openai.com/gptbot)"
20.171.207.144 - - [16/Aug/2025:17:49:45 +0300] "GET /vendor/ramsey/collection/LICENSE HTTP/1.1" 200 1079 "-" "Mozilla/5.0 AppleWebKit/537.36 (KHTML, like Gecko; compatible; GPTBot/1.2; +https://openai.com/gptbot)"
20.171.207.16 - - [16/Aug/2025:17:49:56 +0300] "GET /resources/views/components/admin/settings/smtp.blade.php HTTP/1.1" 200 3917 "-" "Mozilla/5.0 AppleWebKit/537.36 (KHTML, like Gecko; compatible; GPTBot/1.2; +https://openai.com/gptbot)"
216.73.216.173 - - [16/Aug/2025:17:50:15 +0300] "GET /app/Exports/?C=M&O=D HTTP/1.1" 200 800 "-" "Mozilla/5.0 AppleWebKit/537.36 (KHTML, like Gecko; compatible; ClaudeBot/1.0; +claudebot@anthropic.com)"
216.73.216.173 - - [16/Aug/2025:17:50:20 +0300] "GET /app/Exports/?C=S&O=D HTTP/1.1" 200 800 "-" "Mozilla/5.0 AppleWebKit/537.36 (KHTML, like Gecko; compatible; ClaudeBot/1.0; +claudebot@anthropic.com)"
20.171.207.16 - - [16/Aug/2025:17:50:37 +0300] "GET /vendor/symfony/http-kernel/Attribute/AsTargetedValueResolver.php HTTP/1.1" 200 - "-" "Mozilla/5.0 AppleWebKit/537.36 (KHTML, like Gecko; compatible; GPTBot/1.2; +https://openai.com/gptbot)"
20.171.207.144 - - [16/Aug/2025:17:50:43 +0300] "GET /storage/app/public/images/categories/ HTTP/1.1" 200 15472 "-" "Mozilla/5.0 AppleWebKit/537.36 (KHTML, like Gecko; compatible; GPTBot/1.2; +https://openai.com/gptbot)"
20.171.207.16 - - [16/Aug/2025:17:51:16 +0300] "GET /vendor/symfony/http-kernel/EventListener/ HTTP/1.1" 200 3962 "-" "Mozilla/5.0 AppleWebKit/537.36 (KHTML, like Gecko; compatible; GPTBot/1.2; +https://openai.com/gptbot)"
20.171.207.144 - - [16/Aug/2025:17:51:35 +0300] "GET /vendor/theseer/tokenizer/src/TokenCollectionException.php HTTP/1.1" 500 - "-" "Mozilla/5.0 AppleWebKit/537.36 (KHTML, like Gecko; compatible; GPTBot/1.2; +https://openai.com/gptbot)"
20.171.207.16 - - [16/Aug/2025:17:51:51 +0300] "GET /vendor/symfony/translation-contracts/Test/ HTTP/1.1" 200 895 "-" "Mozilla/5.0 AppleWebKit/537.36 (KHTML, like Gecko; compatible; GPTBot/1.2; +https://openai.com/gptbot)"
20.171.207.144 - - [16/Aug/2025:17:52:21 +0300] "GET /vendor/symfony/mailer/CHANGELOG.md HTTP/1.1" 200 3376 "-" "Mozilla/5.0 AppleWebKit/537.36 (KHTML, like Gecko; compatible; GPTBot/1.2; +https://openai.com/gptbot)"
20.171.207.16 - - [16/Aug/2025:17:52:22 +0300] "GET /vendor/vlucas/phpdotenv/LICENSE HTTP/1.1" 200 1557 "-" "Mozilla/5.0 AppleWebKit/537.36 (KHTML, like Gecko; compatible; GPTBot/1.2; +https://openai.com/gptbot)"
20.171.207.16 - - [16/Aug/2025:17:52:49 +0300] "GET /vendor/theseer/tokenizer/CHANGELOG.md HTTP/1.1" 200 2111 "-" "Mozilla/5.0 AppleWebKit/537.36 (KHTML, like Gecko; compatible; GPTBot/1.2; +https://openai.com/gptbot)"
20.171.207.16 - - [16/Aug/2025:17:53:13 +0300] "GET /vendor/symfony/http-kernel/EventListener/SurrogateListener.php HTTP/1.1" 500 - "-" "Mozilla/5.0 AppleWebKit/537.36 (KHTML, like Gecko; compatible; GPTBot/1.2; +https://openai.com/gptbot)"
20.171.207.144 - - [16/Aug/2025:17:53:25 +0300] "GET /resources/views/components/admin/notification/btn-submit.blade.php HTTP/1.1" 200 129 "-" "Mozilla/5.0 AppleWebKit/537.36 (KHTML, like Gecko; compatible; GPTBot/1.2; +https://openai.com/gptbot)"
20.171.207.16 - - [16/Aug/2025:17:53:35 +0300] "GET /vendor/league/flysystem/LICENSE HTTP/1.1" 200 1063 "-" "Mozilla/5.0 AppleWebKit/537.36 (KHTML, like Gecko; compatible; GPTBot/1.2; +https://openai.com/gptbot)"
20.171.207.144 - - [16/Aug/2025:17:54:19 +0300] "GET /vendor/symfony/uid/MaxUuid.php HTTP/1.1" 500 - "-" "Mozilla/5.0 AppleWebKit/537.36 (KHTML, like Gecko; compatible; GPTBot/1.2; +https://openai.com/gptbot)"
20.171.207.16 - - [16/Aug/2025:17:54:39 +0300] "GET /vendor/symfony/event-dispatcher/Debug/ HTTP/1.1" 200 1082 "-" "Mozilla/5.0 AppleWebKit/537.36 (KHTML, like Gecko; compatible; GPTBot/1.2; +https://openai.com/gptbot)"
20.171.207.144 - - [16/Aug/2025:17:55:08 +0300] "GET /resources/views/emails/auth/send_code.blade.php HTTP/1.1" 200 193 "-" "Mozilla/5.0 AppleWebKit/537.36 (KHTML, like Gecko; compatible; GPTBot/1.2; +https://openai.com/gptbot)"
20.171.207.16 - - [16/Aug/2025:17:55:36 +0300] "GET /vendor/symfony/http-kernel/EventListener/LocaleAwareListener.php HTTP/1.1" 500 - "-" "Mozilla/5.0 AppleWebKit/537.36 (KHTML, like Gecko; compatible; GPTBot/1.2; +https://openai.com/gptbot)"
20.171.207.144 - - [16/Aug/2025:17:56:09 +0300] "GET /vendor/symfony/uid/NilUuid.php HTTP/1.1" 500 - "-" "Mozilla/5.0 AppleWebKit/537.36 (KHTML, like Gecko; compatible; GPTBot/1.2; +https://openai.com/gptbot)"
20.171.207.16 - - [16/Aug/2025:17:56:28 +0300] "GET /vendor/phar-io/version/composer.json HTTP/1.1" 200 673 "-" "Mozilla/5.0 AppleWebKit/537.36 (KHTML, like Gecko; compatible; GPTBot/1.2; +https://openai.com/gptbot)"
20.171.207.144 - - [16/Aug/2025:17:57:08 +0300] "GET /vendor/spatie/backtrace/LICENSE.md HTTP/1.1" 200 1090 "-" "Mozilla/5.0 AppleWebKit/537.36 (KHTML, like Gecko; compatible; GPTBot/1.2; +https://openai.com/gptbot)"
20.171.207.16 - - [16/Aug/2025:17:57:34 +0300] "GET /vendor/symfony/http-foundation/LICENSE HTTP/1.1" 200 1068 "-" "Mozilla/5.0 AppleWebKit/537.36 (KHTML, like Gecko; compatible; GPTBot/1.2; +https://openai.com/gptbot)"
20.171.207.144 - - [16/Aug/2025:17:58:11 +0300] "GET /storage/app/public/images/categories/1739956045_2836.jpg HTTP/1.1" 200 392394 "-" "Mozilla/5.0 AppleWebKit/537.36 (KHTML, like Gecko; compatible; GPTBot/1.2; +https://openai.com/gptbot)"
20.171.207.16 - - [16/Aug/2025:17:58:30 +0300] "GET /vendor/symfony/http-kernel/EventListener/RouterListener.php HTTP/1.1" 500 - "-" "Mozilla/5.0 AppleWebKit/537.36 (KHTML, like Gecko; compatible; GPTBot/1.2; +https://openai.com/gptbot)"
20.171.207.144 - - [16/Aug/2025:17:59:08 +0300] "GET /vendor/symfony/string/CHANGELOG.md HTTP/1.1" 200 890 "-" "Mozilla/5.0 AppleWebKit/537.36 (KHTML, like Gecko; compatible; GPTBot/1.2; +https://openai.com/gptbot)"
20.171.207.16 - - [16/Aug/2025:17:59:20 +0300] "GET /vendor/psr/http-client/composer.json HTTP/1.1" 200 727 "-" "Mozilla/5.0 AppleWebKit/537.36 (KHTML, like Gecko; compatible; GPTBot/1.2; +https://openai.com/gptbot)"
20.171.207.144 - - [16/Aug/2025:17:59:57 +0300] "GET /resources/views/components/admin/notification/js.blade.php HTTP/1.1" 200 3347 "-" "Mozilla/5.0 AppleWebKit/537.36 (KHTML, like Gecko; compatible; GPTBot/1.2; +https://openai.com/gptbot)"
20.171.207.16 - - [16/Aug/2025:18:00:25 +0300] "GET /vendor/symfony/http-kernel/EventListener/ResponseListener.php HTTP/1.1" 500 - "-" "Mozilla/5.0 AppleWebKit/537.36 (KHTML, like Gecko; compatible; GPTBot/1.2; +https://openai.com/gptbot)"
34.128.127.123 - - [16/Aug/2025:18:00:26 +0300] "GET /config/ HTTP/1.1" 200 4353 "-" "Mozilla/5.0 (Windows NT 10.0; Win64; x64) AppleWebKit/537.36 (KHTML, like Gecko) Chrome/131.0.0.0 Safari/537.36"
34.128.127.123 - - [16/Aug/2025:18:00:27 +0300] "GET /favicon.ico HTTP/1.1" 404 - "https://thunder-way.com/config/" "Mozilla/5.0 (Windows NT 10.0; Win64; x64) AppleWebKit/537.36 (KHTML, like Gecko) Chrome/131.0.0.0 Safari/537.36"
34.128.127.123 - - [16/Aug/2025:18:00:35 +0300] "GET / HTTP/1.1" 200 5813 "-" "Go-http-client/1.1"
20.171.207.144 - - [16/Aug/2025:18:00:42 +0300] "GET /storage/app/public/images/categories/1741526460_8862.jpg HTTP/1.1" 200 67964 "-" "Mozilla/5.0 AppleWebKit/537.36 (KHTML, like Gecko; compatible; GPTBot/1.2; +https://openai.com/gptbot)"
20.171.207.16 - - [16/Aug/2025:18:01:20 +0300] "GET /vendor/sebastian/exporter/LICENSE HTTP/1.1" 200 1543 "-" "Mozilla/5.0 AppleWebKit/537.36 (KHTML, like Gecko; compatible; GPTBot/1.2; +https://openai.com/gptbot)"
20.171.207.144 - - [16/Aug/2025:18:01:24 +0300] "GET /storage/app/public/images/categories/1741595620_5882.jpg HTTP/1.1" 200 99333 "-" "Mozilla/5.0 AppleWebKit/537.36 (KHTML, like Gecko; compatible; GPTBot/1.2; +https://openai.com/gptbot)"
20.171.207.144 - - [16/Aug/2025:18:02:02 +0300] "GET /storage/app/public/images/categories/1741595783_7040.jpg HTTP/1.1" 200 21947 "-" "Mozilla/5.0 AppleWebKit/537.36 (KHTML, like Gecko; compatible; GPTBot/1.2; +https://openai.com/gptbot)"
20.171.207.16 - - [16/Aug/2025:18:02:23 +0300] "GET /vendor/symfony/http-kernel/EventListener/SessionListener.php HTTP/1.1" 500 - "-" "Mozilla/5.0 AppleWebKit/537.36 (KHTML, like Gecko; compatible; GPTBot/1.2; +https://openai.com/gptbot)"
20.171.207.144 - - [16/Aug/2025:18:02:37 +0300] "GET /storage/app/public/images/categories/1739200246_2858.jpg HTTP/1.1" 200 3131076 "-" "Mozilla/5.0 AppleWebKit/537.36 (KHTML, like Gecko; compatible; GPTBot/1.2; +https://openai.com/gptbot)"
20.171.207.144 - - [16/Aug/2025:18:03:06 +0300] "GET /storage/app/public/images/categories/1741600260_5834.jpg HTTP/1.1" 200 35343 "-" "Mozilla/5.0 AppleWebKit/537.36 (KHTML, like Gecko; compatible; GPTBot/1.2; +https://openai.com/gptbot)"
20.171.207.16 - - [16/Aug/2025:18:03:21 +0300] "GET /vendor/symfony/http-kernel/EventListener/ValidateRequestListener.php HTTP/1.1" 500 - "-" "Mozilla/5.0 AppleWebKit/537.36 (KHTML, like Gecko; compatible; GPTBot/1.2; +https://openai.com/gptbot)"
20.171.207.144 - - [16/Aug/2025:18:03:32 +0300] "GET /storage/app/public/images/categories/1748784225_9616.jpg HTTP/1.1" 200 5808404 "-" "Mozilla/5.0 AppleWebKit/537.36 (KHTML, like Gecko; compatible; GPTBot/1.2; +https://openai.com/gptbot)"
20.171.207.144 - - [16/Aug/2025:18:03:57 +0300] "GET /storage/app/public/images/categories/1741594824_3562.jpg HTTP/1.1" 200 31927 "-" "Mozilla/5.0 AppleWebKit/537.36 (KHTML, like Gecko; compatible; GPTBot/1.2; +https://openai.com/gptbot)"
20.171.207.144 - - [16/Aug/2025:18:04:19 +0300] "GET /storage/app/public/images/categories/1741600085_6352.jpg HTTP/1.1" 200 12817 "-" "Mozilla/5.0 AppleWebKit/537.36 (KHTML, like Gecko; compatible; GPTBot/1.2; +https://openai.com/gptbot)"
